{"id":3381,"date":"2022-01-22T17:24:31","date_gmt":"2022-01-22T16:24:31","guid":{"rendered":"https:\/\/www.vsrohrbach-goelsen.ac.at\/?page_id=3381"},"modified":"2024-12-27T23:12:05","modified_gmt":"2024-12-27T22:12:05","slug":"das-sind-wir","status":"publish","type":"page","link":"https:\/\/www.vsrohrbach-goelsen.ac.at\/?page_id=3381","title":{"rendered":"Das sind wir"},"content":{"rendered":"<p>[vc_row full_width=&#8221;stretch_row_content_no_spaces&#8221;][vc_column cms_title_size=&#8221;h2&#8243; cms_counter_border_color=&#8221;&#8221; cms_counter_bg_color=&#8221;&#8221;][vc_empty_space height=&#8221;185px&#8221;][\/vc_column][\/vc_row][vc_row full_width=&#8221;stretch_row&#8221; row_color=&#8221;#ffffff&#8221; bg_style=&#8221;bg-effect-lg&#8221; css=&#8221;.vc_custom_1642869665617{padding-top: 20px !important;padding-bottom: 55px !important;background: #89b955 url(http:\/\/dev.joomexp.com\/wordpress\/wp-kindergarten\/wp-content\/uploads\/2015\/04\/bg-vector.png?id=30) !important;background-position: center !important;background-repeat: no-repeat !important;background-size: cover !important;}&#8221;][vc_column][vc_column_text el_class=&#8221;color-white&#8221;]<\/p>\n<p style=\"text-align: center; font-size: 38px; line-height: 48px; font-weight: bold;\">Unsere Schulgemeinschaft<\/p>\n<p>[\/vc_column_text][\/vc_column][\/vc_row][vc_row full_width=&#8221;stretch_row_content_no_spaces&#8221;][vc_column cms_title_size=&#8221;h2&#8243; cms_counter_border_color=&#8221;&#8221; cms_counter_bg_color=&#8221;&#8221;][vc_empty_space height=&#8221;50px&#8221;][\/vc_column][\/vc_row][vc_row][vc_column][vc_column_text]Die Schulgemeinschaft besteht aus vielen verschiedenen Personen, die alle gemeinsam das Schulleben unterst\u00fctzen und sich in der Schule begegnen. Angefangen von den Sch\u00fclern und Lehrern, den Mitarbeiterinnen der Nachmittagsbetreuung, Schulsekretariat und Hausmeisterin bis hin zu Eltern, Gro\u00dfeltern und Geschwistern. Sie erf\u00fcllen den Ort des Lernens mit Leben. Jede davon hat ihre eigene wichtige Rolle an der Schule und kann <span dir=\"ltr\" role=\"presentation\">zur <\/span><span dir=\"ltr\" role=\"presentation\">St\u00e4rkung der Schulgemeinschaft beitragen. Jede profitiert davon,Teil einer<\/span> <span dir=\"ltr\" role=\"presentation\">starken Gemeinschaft zu sein.<\/span>[\/vc_column_text][\/vc_column][\/vc_row][vc_row css=&#8221;.vc_custom_1429031506394{padding-top: 80px !important;}&#8221;][vc_column width=&#8221;1\/3&#8243; css=&#8221;.vc_custom_1430904198118{padding-right: 30px !important;padding-left: 30px !important;}&#8221; column_responsive_large=&#8221;&#8221; column_responsive_medium=&#8221;&#8221; column_responsive_small=&#8221;&#8221; column_responsive_extra_small=&#8221;&#8221; cms_title_size=&#8221;h2&#8243;][cms_fancybox content_align=&#8221;center&#8221; title1=&#8221;Team&#8221; button_link1=&#8221;https:\/\/www.vsrohrbach-goelsen.ac.at\/?page_id=3357&#8243; button_type=&#8221;text&#8221; button_text=&#8221;Mehr Infos &gt;&#8221; cms_fancybox_boder_color=&#8221;#0f9fbc&#8221; cms_fancybox_bg_color=&#8221;#34bfdb&#8221; text_more_info=&#8221;yes&#8221; description1=&#8221;Unser engagiertes Team aus Lehrer:innen und P\u00e4dagog:innen setzt sich t\u00e4glich daf\u00fcr ein, unseren Kindern eine f\u00f6rdernde und herzliche Lernumgebung zu bieten. Gemeinsam unterst\u00fctzen wir ihre Entwicklung und schaffen Raum f\u00fcr individuelle St\u00e4rken.&#8221; cms_template=&#8221;cms_fancybox.php&#8221; image1=&#8221;343&#8243; text_more_info_color_hover=&#8221;#34bfdb&#8221; heading_1=&#8221;&#8221;][\/vc_column][vc_column width=&#8221;1\/3&#8243;][cms_fancybox content_align=&#8221;center&#8221; title1=&#8221;Klassen&#8221; button_link1=&#8221;https:\/\/www.vsrohrbach-goelsen.ac.at\/?page_id=3103&#8243; button_type=&#8221;text&#8221; button_text=&#8221;Mehr Infos &gt;&#8221; cms_fancybox_boder_color=&#8221;#ba2b6f&#8221; cms_fancybox_bg_color=&#8221;#da5192&#8243; text_more_info=&#8221;yes&#8221; description1=&#8221;Jede einzelne Sch\u00fclerin, jeder einzelne Sch\u00fcler steht bei uns im Mittelpunkt. Wir legen Wert darauf, die St\u00e4rken und Bed\u00fcrfnisse jedes Kindes individuell zu f\u00f6rdern. In einer unterst\u00fctzenden und vertrauensvollen Umgebung helfen wir ihnen, sich sowohl fachlich als auch pers\u00f6nlich weiterzuentwickeln.&#8221; cms_template=&#8221;cms_fancybox.php&#8221; image1=&#8221;342&#8243; text_more_info_color_hover=&#8221;#da5192&#8243; heading_1=&#8221;&#8221;][\/vc_column][vc_column width=&#8221;1\/3&#8243;][cms_fancybox content_align=&#8221;center&#8221; title1=&#8221;Elternverein&#8221; button_link1=&#8221;https:\/\/www.vsrohrbach-goelsen.ac.at\/?page_id=3289&#8243; button_type=&#8221;text&#8221; button_text=&#8221;Mehr Infos &gt;&#8221; cms_fancybox_boder_color=&#8221;#c05631&#8243; cms_fancybox_bg_color=&#8221;#ea8360&#8243; text_more_info=&#8221;yes&#8221; description1=&#8221;Der Elternverein vertritt die Anliegen und W\u00fcnsche der Eltern und sieht sich zugleich als Bindeglied zwischen Schule, Direktion, Lehrer:innen und Eltern.&#8221; cms_template=&#8221;cms_fancybox.php&#8221; image1=&#8221;344&#8243; text_more_info_color_hover=&#8221;#ea8360&#8243; heading_1=&#8221;&#8221;][\/vc_column][\/vc_row]<\/p>\n","protected":false},"excerpt":{"rendered":"<p>[vc_row full_width=&#8221;stretch_row_content_no_spaces&#8221;][vc_column cms_title_size=&#8221;h2&#8243; cms_counter_border_color=&#8221;&#8221; cms_counter_bg_color=&#8221;&#8221;][vc_empty_space height=&#8221;185px&#8221;][\/vc_column][\/vc_row][vc_row full_width=&#8221;stretch_row&#8221; row_color=&#8221;#ffffff&#8221; bg_style=&#8221;bg-effect-lg&#8221; css=&#8221;.vc_custom_1642869665617{padding-top: 20px !important;padding-bottom: 55px !important;background: #89b955 url(http:\/\/dev.joomexp.com\/wordpress\/wp-kindergarten\/wp-content\/uploads\/2015\/04\/bg-vector.png?id=30) !important;background-position: center !important;background-repeat: no-repeat !important;background-size: cover !important;}&#8221;][vc_column][vc_column_text el_class=&#8221;color-white&#8221;] Unsere Schulgemeinschaft [\/vc_column_text][\/vc_column][\/vc_row][vc_row full_width=&#8221;stretch_row_content_no_spaces&#8221;][vc_column cms_title_size=&#8221;h2&#8243; cms_counter_border_color=&#8221;&#8221; cms_counter_bg_color=&#8221;&#8221;][vc_empty_space height=&#8221;50px&#8221;][\/vc_column][\/vc_row][vc_row][vc_column][vc_column_text]Die Schulgemeinschaft besteht aus vielen verschiedenen Personen, die alle gemeinsam das Schulleben unterst\u00fctzen und sich in der Schule begegnen. Angefangen von den Sch\u00fclern und [&hellip;]<\/p>\n","protected":false},"author":1,"featured_media":0,"parent":0,"menu_order":0,"comment_status":"closed","ping_status":"closed","template":"","meta":{"footnotes":""},"class_list":["post-3381","page","type-page","status-publish","hentry"],"_links":{"self":[{"href":"https:\/\/www.vsrohrbach-goelsen.ac.at\/index.php?rest_route=\/wp\/v2\/pages\/3381","targetHints":{"allow":["GET"]}}],"collection":[{"href":"https:\/\/www.vsrohrbach-goelsen.ac.at\/index.php?rest_route=\/wp\/v2\/pages"}],"about":[{"href":"https:\/\/www.vsrohrbach-goelsen.ac.at\/index.php?rest_route=\/wp\/v2\/types\/page"}],"author":[{"embeddable":true,"href":"https:\/\/www.vsrohrbach-goelsen.ac.at\/index.php?rest_route=\/wp\/v2\/users\/1"}],"replies":[{"embeddable":true,"href":"https:\/\/www.vsrohrbach-goelsen.ac.at\/index.php?rest_route=%2Fwp%2Fv2%2Fcomments&post=3381"}],"version-history":[{"count":16,"href":"https:\/\/www.vsrohrbach-goelsen.ac.at\/index.php?rest_route=\/wp\/v2\/pages\/3381\/revisions"}],"predecessor-version":[{"id":3957,"href":"https:\/\/www.vsrohrbach-goelsen.ac.at\/index.php?rest_route=\/wp\/v2\/pages\/3381\/revisions\/3957"}],"wp:attachment":[{"href":"https:\/\/www.vsrohrbach-goelsen.ac.at\/index.php?rest_route=%2Fwp%2Fv2%2Fmedia&parent=3381"}],"curies":[{"name":"wp","href":"https:\/\/api.w.org\/{rel}","templated":true}]}}